 a factor of 2078913252?
True
Does 631 divide 30130250?
True
Does 44 divide 400851572?
True
Is 28 a factor of 376542068?
True
Is 1438 a factor of 27040152?
True
Is 13 a factor of 114714899?
True
Does 100 divide 80028800?
True
Is 157633902 a multiple of 802?
True
Is 8163013 a multiple of 504?
False
Does 10 divide 79216890?
True
Is 35458897 a multiple of 9?
False
Does 221 divide 130982943?
True
Does 2021 divide 49855548?
False
Is 1736017968 a multiple of 2703?
True
Does 1896 divide 15458421?
False
Does 357 divide 22227534?
True
Is 92806469 a multiple of 133?
True
Is 358800 a multiple of 75?
True
Does 9 divide 23271116?
False
Does 8 divide 34316992?
True
Is 109 a factor of 19245803?
True
Is 168 a factor of 56289744?
True
Does 628 divide 180713908?
True
Is 1206 a factor of 545832328?
False
Is 25 a factor of 102409523?
False
Is 2757 a factor of 54324690?
False
Does 29 divide 265473492?
False
Does 465 divide 167754562?
False
Is 2562 a factor of 2582496?
True
Is 2850659592 a multiple of 11?
True
Does 80 divide 808363760?
True
Is 104602458 a multiple of 786?
False
Is 213593169 a multiple of 647?
False
Does 103 divide 15616654?
True
Is 6850583 even?
False
Is 20952412 a multiple of 94?
True
Is 638373546 a multiple of 100?
False
Is 4476850 a multiple of 7?
True
Is 737661928 a multiple of 53?
False
Does 24 divide 49494576?
True
Is 35 a factor of 1691395761?
False
Is 1662 a factor of 145863986?
False
Is 2341475790 a multiple of 1586?
False
Is 6 a factor of 188887142?
False
Is 444411374 a multiple of 781?
False
Is 1051775496 a multiple of 199?
True
Does 132 divide 2903254464?
True
Is 452638034 a multiple of 276?
False
Is 4 a factor of 21389355?
False
Does 31 divide 230714462?
True
Is 1913748752 a multiple of 43?
False
Does 4 divide 4644905?
False
Does 3284 divide 2035094800?
True
Does 52 divide 204655308?
True
Does 24 divide 17533447?
False
Is 27813560 a multiple of 488?
True
Is 321 a factor of 167562?
True
Does 1159 divide 52169786?
False
Is 12 a factor of 582289548?
True
Does 937 divide 110024414?
True
Is 1390142002 a multiple of 86?
False
Is 11725895 a multiple of 398?
False
Is 3071037844 a multiple of 4570?
False
Is 78927005 a multiple of 545?
False
Is 41 a factor of 1122293?
True
Is 23459030 a multiple of 294?
False
Is 2556668252 a multiple of 284?
True
Does 2354 divide 873350679?
False
Is 618 a factor of 340837506?
True
Is 5111285 a multiple of 4?
False
Is 101 a factor of 4436324?
True
Does 835 divide 584669505?
True
Is 119679251 a multiple of 14?
False
Is 155116360 a multiple of 117?
False
Does 52 divide 14366976?
True
Is 546 a factor of 500752434?
True
Is 91422 a multiple of 1098?
False
Is 879 a factor of 12644293?
False
Is 5 a factor of 171856650?
True
Is 7 a factor of 771569208?
False
Is 223502348 a multiple of 74?
True
Does 163 divide 189465349?
False
Is 1261079029 a multiple of 8268?
False
Is 311491543 a multiple of 632?
False
Is 4372 a factor of 1978452416?
True
Does 378 divide 10631550?
False
Is 5888764014 a multiple of 2144?
False
Is 501062742 a multiple of 659?
True
Does 73 divide 461299191?
True
Does 31 divide 553083911?
False
Is 46705274 a multiple of 7?
True
Is 1492 a factor of 62611296?
False
Is 91073892 a multiple of 78?
True
Is 2722 a factor of 94296239?
False
Is 201370047 a multiple of 95?
False
Does 640 divide 46502813?
False
Is 11632464 a multiple of 27?
True
Is 106 a factor of 592582?
False
Is 157 a factor of 102906749?
True
Does 440 divide 156212320?
True
Does 173 divide 354320781?
True
Is 91667400 a multiple of 50?
True
Does 23 divide 173698668?
True
Is 296326087 a multiple of 2849?
False
Does 102 divide 32232408?
True
Does 55 divide 1348398?
False
Is 4918 a factor of 73649186?
False
Is 90057685 a multiple of 1145?
True
Is 118 a factor of 158505587?
False
Is 587 a factor of 1483871297?
False
Does 28 divide 6076084?
True
Is 7080688 a multiple of 568?
True
Is 1267 a factor of 794914633?
False
Is 760099764 a multiple of 2426?
True
Is 16 a factor of 458149264?
True
Is 237 a factor of 596581879?
False
Is 631528490 a multiple of 1813?
False
Does 58 divide 99958012?
True
Does 10 divide 47326970?
True
Does 18 divide 318861090?
True
Is 701 a factor of 12017648?
False
Does 3657 divide 615096676?
False
Is 1990092 a multiple of 52?
True
Does 182 divide 785319808?
True
Is 243379975 a multiple of 53?
True
Is 2180 a factor of 63610220?
True
Does 3 divide 37381666?
False
Is 210557112 a multiple of 584?
True
Is 2 a factor of 91045337?
False
Is 361719960 a multiple of 10?
True
Does 24 divide 5246254611?
False
Does 1366 divide 625017398?
True
Does 1451 divide 1729031753?
False
Does 17 divide 1289617127?
True
Is 870563841 a multiple of 368?
False
Does 244 divide 9560652?
True
Is 9748044 a multiple of 207?
True
Is 628862581 a multiple of 37?
False
Is 360730050 a multiple of 4284?
False
Is 1468 a factor of 1833540808?
True
Is 68 a factor of 113336416?
True
Is 7311 a factor of 1820066139?
True
Does 531 divide 67557006?
True
Is 709370031 a multiple of 889?
False
Does 681 divide 114700983?
False
Is 73 a factor of 523062962?
False
Is 579313206 a multiple of 80?
False
Is 282 a factor of 632130263?
False
Does 11 divide 7241722?
False
Is 3 a factor of 306404712?
True
Is 1331 a factor of 5966180?
False
Is 9418698 a multiple of 6?
True
Is 39 a factor of 4299204?
True
Does 104 divide 24743529?
False
Does 359 divide 105108020?
True
Does 3521 divide 1462799450?
True
Does 54 divide 1104018646?
False
Is 972 a factor of 2991255033?
False
Is 47290094 a multiple of 872?
False
Is 168 a factor of 101964576?
True
Is 22 a factor of 60079096?
True
Does 93 divide 185573817?
False
Does 140 divide 819544740?
True
Is 15 a factor of 1707296882?
False
Is 7106145 a multiple of 108?
False
Is 114575520 a multiple of 1160?
True
Is 30 a factor of 685184432?
False
Is 427192 a multiple of 20?
False
Is 24059430 a multiple of 243?
True
Is 419 a factor of 11366213?
True
Is 77 a factor of 11209198?
True
Is 107 a factor of 3711188?
True
Is 121948790 a multiple of 121?
False
Is 306605693 a multiple of 1306?
False
Is 1103 a factor of 93065773?
False
Is 38821840 a multiple of 5968?
True
Is 3248519 a multiple of 18?
False
Is 7948458 a multiple of 317?
True
Does 1694 divide 101138130?
False
Is 2868376498 a multiple of 157?
True
Is 13 a factor of 51231232?
True
Does 3638 divide 1233890349?
False
Is 10920910 a multiple of 110?
True
Is 23 a factor of 188657011?
False
Is 2779 a factor of 164829352?
False
Is 10602757 a multiple of 6?
False
Is 299308681 a multiple of 17?
True
Is 113359267 a multiple of 7?
True
Is 15 a factor of 1466403821?
False
Is 767634540 a multiple of 1076?
True
Does 770 divide 284657772?
False
Does 2232 divide 403311317?
False
Is 114661489 a multiple of 44?
False
Does 23 divide 369910676?
False
Is 17 a factor of 221755956?
True
Does 5 divide 18071439?
False
Is 57 a factor of 545313132?
False
Is 864 a factor of 49501152?
True
Is 285 a factor of 41857950?
True
Is 799090091 a multiple of 2480?
False
Is 8173870 a multiple of 10?
True
Does 7550 divide 5003397114?
False
Is 410 a factor of 8585400?
True
Is 981721 a multiple of 13?
True
Is 44 a factor of 32668328?
True
Is 2724 a factor of 34774584?
True
Is 275331936 a multiple of 72?
False
Is 104 a factor of 40246635?
False
Is 107 a factor of 22690958?
False
Is 12657381 a multiple of 588?
False
Does 5234 divide 2453102524?
True
Does 17 divide 61007628?
True
Is 22 a factor of 181688628?
True
Is 724773242 a multiple of 282?
False
Is 329 a factor of 19525945?
False
Does 21 divide 3276201?
False
Does 31 divide 190252177?
True
Is 208996734 a multiple of 18?
False
Does 822 divide 522049734?
True
Does 2658 divide 1279210344?
True
Is 18 a factor of 6225712381?
False
Is 78918936 a multiple of 157?
False
Does 288 divide 284214767?
False
Is 61 a factor of 266782402?
True
Does 69 divide 119907444?
False
Is 590 a factor of 30517131?
False
Is 31748645 a multiple of 163?
False
Is 97683852 a multiple of 124?
True
Is 3609430924 a multiple of 610?
False
Is 3926 a factor of 5396636105?
False
Is 527 a factor of 21350878?
True
Does 895 divide 99489095?
True
Is 40 a factor of 41092520?
True
Is 54462201 a multiple of 471?
True
Is 166 a factor of 18546547?
False
Does 408 divide 404275487?
False
Is 69414960 a multiple of 30?
True
Does 9420 divide 2291737285